 (-96 + 110 + -6 + 1 + 0).
6
Calculate 5 - (5 - (4 - 4 - 6)).
-6
Evaluate 2 - (13 - -6) - (-8 + -9 + 15).
-15
What is 2 + -5 + 34 - (19 - (-18 - -33))?
27
What is 0 + 2 + (-11 - (7 - 8))?
-8
What is the value of 2 + 1 + (-16 - -7) + 21?
15
37 + -60 + 38 + 8 + 2 + -1
24
What is the value of 23 - 27 - 8 - ((0 - 1) + -7)?
-4
Evaluate -5 - (9 + -3) - -19 - 3 - -24.
29
Calculate 18 - (11 - (4 + -1)).
10
What is the value of 16 + -14 - (17 + -5) - -16?
6
Evaluate -7 - 12 - ((-1 + 4 - 0) + -3).
-19
(-3 - 3) + 3 + (-3 - -10) - 3
1
-14 - ((23 - 21) + -5)
-11
-44 - (24 - 23 - 40)
-5
What is 1 - 9 - (-8 + (2 - 6 - 13))?
17
Calculate (-3 - -2) + (10 - (-2 + 3)).
8
What is -20 - ((3 - 2 - (-22 + 29)) + 2)?
-16
Calculate 14 - ((2 - (17 + -17)) + -3 + 1).
14
7 + (-4 - 3) + -6 + 4
-2
What is the value of (-5 + 4 + -2 - 3) + 10?
4
What is -53 - -28 - -25 - (0 - 1 - 9)?
10
What is 1 + 5 + (5 - (-7 + 15 + -9))?
12
Evaluate 1 + -21 + 161 + -155.
-14
What is (13 - (14 + -8) - (0 + 0)) + -19?
-12
Evaluate (-13 - (0 + -1)) + (38 - 82) + 38.
-18
Evaluate 25 + (2 - -1) + -13.
15
(-6 - -39 - (-12 + 19)) + (6 - 14)
18
-5 + 0 - (39 - (-59 - -76))
-27
Calculate 7 - -2 - (0 + -7 + -4 + 9).
11
-21 + -10 + 19 - 2
-14
What is the value of -84 - -71 - (1 + -9) - 9?
-14
What is the value of (-6 - (-8 + 11 + (4 - 9))) + -12?
-16
10 + 3 + -9 + 1
5
Calculate 2 - (24 + -9 + -8) - -3.
-2
-3 + (7 + (-2 - -7) - (-1 + 6))
4
Calculate 3 - (4 - 1 - (87 + -93)).
-6
What is -29 - (40 - 75) - -3?
9
What is the value of -22 - (-6 + 2) - -8?
-10
-5 + 5 + 15 + -10 + 8
13
What is 42 + -47 + 8 - 16?
-13
-22 + 37 - (-2 + 34)
-17
Evaluate 9 - (-8 - (3 + -6)).
14
What is the value of -3147 - -3154 - (-1 + (0 + -1 - -15))?
-6
Calculate 2 + 3 + 23 + -30 + -23.
-25
Evaluate (-2 + -4 - (-45 + 43)) + 7.
3
Evaluate (0 - -1 - 10) + -2 + -2 + 6.
-7
Evaluate 2 - (47 + -39 + -5 + 10).
-11
Calculate -3 - 2 - (5 + -13 - -15).
-12
Evaluate (14 + -12 - (2 - -6)) + -6 + 1.
-11
What is (-2 - 20) + 193 + -173?
-2
Evaluate -27 - (3 - (54 + -40)).
-16
Evaluate -9 - (-7 - -7 - 3) - 7.
-13
What is 25 + 5 + 12 + -31?
11
Evaluate -5 + 3 + -9 + -6 + 13.
-4
-23 - (-1 + (2 - -4) + -379 + 368)
-17
13 - ((9 - (-11 + 5)) + -8)
6
Evaluate (-9 - -5) + 2 + -4 + (6 - 12).
-12
Calculate 1 - -2 - (-166 + 162) - -9.
16
11 - (7 - (1 + -10))
-5
Evaluate (5 - 14) + 0 + 36 + -10.
17
-30 - 1 - (-96 + 91)
-26
(-277 - -259) + (3 - -2)
-13
Evaluate -10 + 5 - 1 - -6.
0
(-26 - (-61 - -27)) + -18 + 0
-10
(4 - 7 - -1 - -5) + 1
4
Evaluate (-16 - -15 - (1 + -1)) + (-35 - -39).
3
What is the value of -14 + 27 - ((3 - -2 - 1) + 2)?
7
-3 + (-5 - -4) + -1 - (-6 - -3)
-2
What is the value of 12 - 3 - 16 - (0 - (-2 + 4))?
-5
What is 3 + (10 - (18 + -12)) - -1?
8
Calculate 1 - 3 - (-9 - (-18 - -6 - -20)).
15
Calculate 0 - 31 - (-38 + 46 + -19).
-20
What is the value of ((-8 - 0) + (50 - 51) - -7) + -2?
-4
Calculate -7 + 0 + 5 + (18 - 10) + -20.
-14
What is the value of (16 - 8 - -2) + 5?
15
Calculate 138 - 156 - (-1 + -7).
-10
-12 - 10 - (-12 + 2)
-12
Evaluate (-16 + 18 - 31) + 9.
-20
Calculate 1 + (0 - 6) + -7.
-12
What is 14 + (-3 - 14 - -8)?
5
0 + 2 - (2 + (-12 - -14) + 1)
-3
Calculate 39 + -15 + -2 + -23.
-1
What is the value of 10 - ((-250 - -268) + (-1 - 3 - 2))?
-2
What is the value of -14 + 2 + (-24 + 13 - -5)?
-18
What is the value of -8 + (-2 - -6 - (69 + -55)) - -7?
-11
Evaluate -3 + 11 + -4 + 6.
10
What is the value of 63 + -57 + 1 + -14?
-7
-3 - (2 - 9 - (7 + 5))
16
What is -4 + (-4 - (1 + -3)) + (-20 - -27)?
1
What is -2 + (15 + -4 - (2 + -2)) + 0?
9
Evaluate 92 + -60 - 10 - (-13 - 1).
36
Calculate -5 + 0 - (-516 + 498).
13
Calculate (-3 - 19) + (-1 - -5) + -1 + 3.
-16
1 - 21 - (52 - 66)
-6
What is (-6 + 21 - 16) + -3?
-4
What is (-8 - -9 - (-4 - (-13 - -2))) + 4?
-2
What is -2 + -4 - (-2 - (-28 + 20))?
-12
What is -14 + (-5 + -1 + 2 + 3 - -7)?
-8
(0 - 1) + -40 + 27 + 15
1
-275 - -259 - (5 - 5 - 8)
-8
Calculate 32 + -9 + 19 + -3 + -11.
28
(-8 - -3) + -6 - -4 - (-2 - -2)
-7
What is -12 + -12 + (-11 - -23) + 4?
-8
-6 - -8 - (17 - (-2 + 4 - -5))
-8
Evaluate -8 + (-2 - 0 - (1 + 1)) + 8.
-4
15 + 9 + 7 + -12 + -10
9
Evaluate -14 + (-42 + 24 - -42) + (-2 - -7).
15
What is the value of 17 - 34 - 4 - -36?
15
22 + (-6 - 4) + -8
4
What is the value of -29 + 3 + 12 - 6 - (-1 - 6)?
-13
7 + (13 - (12 - -13) - 26)
-31
Calculate 20 + -59 + 22 - -43.
26
Evaluate 21 + (-10 - 11) - (0 - 6) - 30.
-24
Calculate -9 + 0 + 8 + (11 - 19 - -1).
-8
What is -5 - 1 - (169 - 175) - (2 + -10)?
8
Evaluate -1 - ((-1 - -2 - 9 - -4) + -3).
6
Evaluate 5 - (-5 - (-6 + 5)).
9
Calculate 10 - (4 + -1 - (20 - (63 - 34))).
-2
What is the value of 1 + -29 + 42 - (-1 + -4 + 0)?
19
Calculate (16 - (11 + -9)) + (4 - 4).
14
Calculate -13 + 31 - 22 - 21.
-25
Evaluate -27 - (6 - (-7 + 64)).
24
What is (43 - 29) + -37 + 29?
6
What is the value of (-2 + 14 - 0) + -6 + (26 - -3)?
35
Evaluate -60 - (17 + -55 + 11).
-33
Evaluate (0 - -26) + (-56 - -38) - (1 + 1).
6
What is (-2208 - -2234) + (5 - 3 - (-1 + 11))?
18
227 + -233 + (-4 - -2 - -4) + -5
-9
Calculate 28 + 4 + -36 + 2.
-2
Evaluate -40 + 23 - (-2 + -2 - (-7 - -4)).
-16
Evaluate 2 - (1 - (1 + (1 - 2))) - -7.
8
Calculate 11 - (2 + -3 + 22) - -5.
-5
What is (-19 - (24 - 41)) + 30?
28
Calculate -8 + 7 + -16 + 16.
-1
-9 + 2 - (-273 + 257)
9
-12 - ((7 - -5) + -17)
-7
213 + -198 - (-2 - (-11 - -5))
11
(-1 - (1 - 1)) + -91 + 92 - -4
4
What is the value of 20 + -22 + (3 - (4 + -1))?
-2
Calculate 222 + -226 + (3 - 0) - -5.
4
What is the value of -8 - (-12 - -27 - (-1 - 11))?
-35
What is 20 + -7 + -2 + 9 + -8 + 2?
14
What is the value of -29 - -7 - (85 + -95)?
-12
What is -145 + 138 + 2 + -3?
-8
What is 20 - (-6 - (-20 - (-3 - 6)))?
15
Evaluate (2 - -1) + -5 + 15.
13
What is the value of ((-5 - -10) + -1 - (-2 - -4)) + 12?
14
Evaluate -37 + (1 - -12 - (437 - 432)).
-29
What is the value of -14 + (9 - -13) + -14 + -24?
-30
-16 + 17 + (1 - 4) - -9 - -8
15
Evaluate 29 + (-196 - -190) + 2 + -4 + 9.
30
Evaluate 0 - 0 - (-32 - (-23 - 1)).
8
Evaluate 3 + -12 + -3 + 10 - 5.
-7
10 + (-22 - (22 + -6 + -23))
-5
What is the value of -7 + (-20 - -8) + (1 - -5)?
-13
What is the value of 0 + 0 + 4 - (69 - (-24 - -73))?
-16
What is 4 + (8 - -7) - 18?
1
Evaluate -14 - (13 + -6 + (-2 - -2)).
-21
Calculate (5 - (17 + -23)) + -1 + (9 - 2).
17
What is the value of 8 + -24 + 17 - (-1 - (0 + -4))?
-2
What is the value of (1 - 8) + -43 + 46 - -25?
21
Evaluate 7 + (1 + -11 - (-7 - (-16 - -18))).
6
What is 13 + (8 + -2 - 14) - 5?
0
11 + (-8 - -12) + -10
5
Calculate -1 + 3 + 7 + -14 + -12 + 5.
-12
Evaluate -19 + (-7 - -16 - 19) - -7.
-22
What is the value of 2 - (-5 - (-18 - 2)) - (-3 - -3)?
-13
Calculate -24 + 18 + -8 + 19.
5
Evaluate -11 + -13 + 13 - 10.
-21
(26 - 36 - -34) + -22
2
Calculate 6 + -7 + 8 + 3 - -11.
21
Evaluate -6 - (0 + -15) - (-1 - 2).
12
Evaluate -14 + (2 - 5) + 36.
19
Calculate 7 + (2 - (15 + -16 - 8)).
18
What is the value of 8 - ((-13 - -16 - -11) + -19)?
13
Evaluate -9 - (1 + -3 - (-118 - -109)).
-16
Evaluate 46 - 28 - (2 - (4 + -14)).
6
Evaluate -1 + 7 - (0 - (-10 + 19)).
15
Evaluate 60 + -4 + 21 + -53 + 13.
37
Calculate (11 - (4 + 4)) + -1 + 1 + -5.
-2
Calculate -8 - ((-13 - -11) + -5 + 2 + 2).
-5
Evaluate 15 - ((-5 - -6) + (-6 - 7 - -6)).
21
Calculate -285 + 231 - (1 - 45).
-10
Calculate 5 - 9 - -4 - 6 - -5.
-1
What is 10 + (-8 + 0 - (-28 + (-4 - -34)))?
0
What is the value of 29 + -14 + -27 + 4?
-8
Calculate 76 + -87 + -2 + 4.
-9
Calculate 9 + (-8 - -1 - (9 + -8 + -1)).
2
What is the value of -8 + (-26 - (-13 - -3) - 8)?
-32
What is the value of (6 + -2 + (-22 - -20) - -14) + -3?
13
Calculate 38 + -86 + 34 + -7.
-21
Calculate -19 + -5 + 17 + 24.
17
Calculate 50 + -13 + 16 + -20 + -1.
32
-16 - (-24 + 11 + -16)
13
What is 3 - (-1 - (-13 + 13))?
4
Evaluate (-1 - ((-1 - 3) + 3 + -3)) + -3.
0
What is 41 + -37 + (21 - 1) + (34 - 39)?
19
Calculate (-9 - 16 - (11 - 26)) + -13.
-23
What is -1 - (-27 - (-43 + 2))?
-15
What is 14 + (-1 - -8) + (-21 - (-34 + 23))?
11
Evaluate -14 + 4 + (21 - 16).
-5
What is -4 + 11 - (-17 - 9 - -29)?
4
(4 - ((7 - -14) + 4)) + (1 - -2)
-18
-25 + 2 + (21 - 45) + 19
-28
12 - (-27 - -15 - -15 - -2)
7
Evaluate 1 - 1 - 12 - (2 + 8).
-22
Calculate 9 + 1 + -3 - ((38 - 4) + -28).
1
-40 + 3 + 32 - 3
-8
Calculate -4 - (5 + 9 + 9 + 